{"id":210,"date":"2025-10-31T15:42:13","date_gmt":"2025-10-31T12:42:13","guid":{"rendered":"https:\/\/www.jojarvi.com\/?page_id=210"},"modified":"2025-11-04T17:17:48","modified_gmt":"2025-11-04T14:17:48","slug":"joonas-ojajarvi-tyonaytteita","status":"publish","type":"page","link":"https:\/\/www.jojarvi.com\/index.php\/joonas-ojajarvi-tyonaytteita\/","title":{"rendered":"Joonas Ojaj\u00e4rvi ty\u00f6n\u00e4ytteit\u00e4"},"content":{"rendered":"<section class=\"bde-section-210-103 bde-section\">\n              \n  \n  \n\t\n\n\n\n<div class=\"section-container\"><h1 class=\"bde-heading-210-104 bde-heading\">\nJoonas Ojaj\u00e4rvi\n<\/h1><h4 class=\"bde-heading-210-174 bde-heading\">\nTy\u00f6n\u00e4ytteit\u00e4\n<\/h4><div class=\"bde-fancy-divider-210-105 bde-fancy-divider\">\n\n\n<div class=\"bde-fancy-divider__wrapper\">\n  <div class=\"bde-fancy-divider__separator   \">\n  \t  <\/div>\n<\/div>\n\n<\/div><\/div>\n<\/section><section class=\"bde-section-210-106 bde-section\">\n              \n  \n  \n\t\n\n\n\n<div class=\"section-container\"><h3 class=\"bde-heading-210-107 bde-heading\">\nOmia esityksi\u00e4\n<\/h3><div class=\"bde-columns-210-109 bde-columns\"><div class=\"bde-column-210-110 bde-column\">\n  \n  \n\t\n\n\n\n<div class=\"bde-video-210-176 bde-video\">\n<div class=\"ee-video-container\">\n                                                                        \n                <lite-youtube\n                        videoid=\"l7Ex-zAWCr8\"\n                                                style=\"background-image: url(https:\/\/i.ytimg.com\/vi\/l7Ex-zAWCr8\/maxresdefault.jpg); \"\n                        class=\"ee-video\"\n                        title=\"\"\n                        params=\"&playsinline=0&rel=0&enablejsapi=1\"\n                >\n                <\/lite-youtube>\n                    \n        \n            \n    <\/div>\n\n<\/div><div class=\"bde-text-210-135 bde-text\">\nFrost - Mats Ed\u00e9n, \u00c4ng - Joonas Ojaj\u00e4rvi\n<\/div><div class=\"bde-video-210-180 bde-video\">\n<div class=\"ee-video-container\">\n                                                                        \n                <lite-youtube\n                        videoid=\"TkOLYJ3Qn-c\"\n                                                style=\"background-image: url(https:\/\/i.ytimg.com\/vi\/TkOLYJ3Qn-c\/maxresdefault.jpg); \"\n                        class=\"ee-video\"\n                        title=\"\"\n                        params=\"&playsinline=0&rel=0&enablejsapi=1\"\n                >\n                <\/lite-youtube>\n                    \n        \n            \n    <\/div>\n\n<\/div><div class=\"bde-text-210-181 bde-text\">\nPolska efter Lars Orre - Trad. Ruotsi, Polska py\u00f6reelle puulle - Joonas Ojaj\u00e4rvi\n<\/div><div class=\"bde-video-210-179 bde-video\">\n<div class=\"ee-video-container\">\n                                                                        \n                <lite-youtube\n                        videoid=\"a1IwoVPw3-g\"\n                                                style=\"background-image: url(https:\/\/i.ytimg.com\/vi\/a1IwoVPw3-g\/maxresdefault.jpg); \"\n                        class=\"ee-video\"\n                        title=\"\"\n                        params=\"&playsinline=0&rel=0&enablejsapi=1\"\n                >\n                <\/lite-youtube>\n                    \n        \n            \n    <\/div>\n\n<\/div><div class=\"bde-text-210-182 bde-text\">\nDickapolskan - Trad. Ruotsi\n<\/div><div class=\"bde-video-210-178 bde-video\">\n<div class=\"ee-video-container\">\n                                                                        \n                <lite-youtube\n                        videoid=\"BoDR9clNPi8\"\n                                                style=\"background-image: url(https:\/\/i.ytimg.com\/vi\/BoDR9clNPi8\/maxresdefault.jpg); \"\n                        class=\"ee-video\"\n                        title=\"\"\n                        params=\"&playsinline=0&rel=0&enablejsapi=1\"\n                >\n                <\/lite-youtube>\n                    \n        \n            \n    <\/div>\n\n<\/div><div class=\"bde-text-210-183 bde-text\">\nFem f\u00e5r og fire geder - Trad. Bornholm, Tanska\n<\/div>\n<\/div><div class=\"bde-column-210-114 bde-column\">\n  \n  \n\t\n\n\n\n<div class=\"bde-rich-text-210-115 bde-rich-text breakdance-rich-text-styles\">\n<p>Videotallenteita maisterikonsertistani Helsingin Musiikkitalon Black Box -salista 2018.<\/p>\n<p>Konsertissa soitettiin pohjoismaista (Suomi, Ruotsi, Tanska, Norja) pelimannimusiikkia. Yhten\u00e4 konsertin kulmakiven\u00e4 oli parhaamme mukaan irtaantua ennalta sovituista rakenteista ja tehd\u00e4 sill\u00e4 hetkell\u00e4 hyv\u00e4lt\u00e4 tuntuvia musiikillisia ratkaisuja soiton edetess\u00e4. Toki alkuja ja loppuja sovittiin, ainakin suullisesti, ennen konserttia ja konserttiin valikoituneen s\u00e4velm\u00e4t itsess\u00e4\u00e4nkin eiv\u00e4t olleet ylenpalttisen monimutkaisia.<\/p>\n<p>Videoilla esiintyv\u00e4t:<br \/>Joonas Ojaj\u00e4rvi - cittern<br \/>Teemu Eerola - viulu<br \/>Janne Ojaj\u00e4rvi - huuliharput<\/p>\n<\/div>\n<\/div><\/div><div class=\"bde-fancy-divider-210-116 bde-fancy-divider\">\n\n\n<div class=\"bde-fancy-divider__wrapper\">\n  <div class=\"bde-fancy-divider__separator   \">\n  \t  <\/div>\n<\/div>\n\n<\/div><\/div>\n<\/section><section class=\"bde-section-210-117 bde-section\">\n              \n  \n  \n\t\n\n\n\n<div class=\"section-container\"><h3 class=\"bde-heading-210-118 bde-heading\">\nVoltti 2017 \/ Superseikkailu\n<\/h3><a class=\"bde-text-link-210-119 bde-text-link breakdance-link\" href=\"https:\/\/vilaband.com\/\" target=\"_self\" data-type=\"url\">\n  <blockquote class=\"wp-embedded-content\" data-secret=\"vbQtSIgSar\"><a href=\"https:\/\/tanssinriemu.fi\/vuosiohjelmat\/voltti-2017\/\">Voltti 2017<\/a><\/blockquote><iframe loading=\"lazy\" class=\"wp-embedded-content\" sandbox=\"allow-scripts\" security=\"restricted\" style=\"position: absolute; visibility: hidden;\" title=\"&#8221;Voltti 2017&#8221; &#8212; Tanssinriemu\" src=\"https:\/\/tanssinriemu.fi\/vuosiohjelmat\/voltti-2017\/embed\/#?secret=xhZFh8aVST#?secret=vbQtSIgSar\" data-secret=\"vbQtSIgSar\" width=\"500\" height=\"282\" frameborder=\"0\" marginwidth=\"0\" marginheight=\"0\" scrolling=\"no\"><\/iframe>\n\n<\/a><div class=\"bde-columns-210-120 bde-columns\"><div class=\"bde-column-210-121 bde-column\">\n  \n  \n\t\n\n\n\n<div class=\"bde-video-210-175 bde-video\">\n<div class=\"ee-video-container\">\n                                                                        \n                <lite-youtube\n                        videoid=\"YE7jNMGtXhY\"\n                                                style=\"background-image: url(https:\/\/i.ytimg.com\/vi\/YE7jNMGtXhY\/maxresdefault.jpg); \"\n                        class=\"ee-video\"\n                        title=\"\"\n                        params=\"&playsinline=0&rel=0&enablejsapi=1\"\n                >\n                <\/lite-youtube>\n                    \n        \n            \n    <\/div>\n\n<\/div>\n<\/div><div class=\"bde-column-210-125 bde-column\">\n  \n  \n\t\n\n\n\n<div class=\"bde-rich-text-210-126 bde-rich-text breakdance-rich-text-styles\">\n<p>Vastasin Lasten Kalenat 2017 (Voltti 2017) yhteistanssiohjelmien (\"Superseikkailu\") musiikeista.<br \/>Tapahtuman tuottanut Suomen Nuorisoseurat tilasi minulta ymp\u00e4ri Suomea ker\u00e4tyst\u00e4 perinnes\u00e4velmist\u00f6st\u00e4 koostuvan musiikkiohjelmiston, jonka sovitin eri tanssikokonaisuuksien teemoja mukaileviksi nykykansanmusiikkiteoksiksi. Lis\u00e4vaatimuksena oli sovittaa ohjelmisto juuri tietylle kokoonpanolle, Nuorisoseura Motoran s\u00e4estysyhtye R\u00e4ll\u00e4k\u00e4lle, ja toimia yhtyeen ohjaajana itse tapahtumassa.<\/p>\n<\/div>\n<\/div><\/div><div class=\"bde-fancy-divider-210-127 bde-fancy-divider\">\n\n\n<div class=\"bde-fancy-divider__wrapper\">\n  <div class=\"bde-fancy-divider__separator   \">\n  \t  <\/div>\n<\/div>\n\n<\/div><\/div>\n<\/section><section class=\"bde-section-210-128 bde-section\">\n              \n  \n  \n\t\n\n\n\n<div class=\"section-container\"><h3 class=\"bde-heading-210-129 bde-heading\">\nOBO - Ojaj\u00e4rvi Blom Ojaj\u00e4rvi\n<\/h3><a class=\"bde-text-link-210-130 bde-text-link breakdance-link\" href=\"https:\/\/www.youtube.com\/playlist?list=PLk-5HbSZ6QKy0tEX5P8p1pcb5OFECsedb\" target=\"_self\" data-type=\"url\">\n  https:\/\/obofolk.bandcamp.com\n\n<\/a><div class=\"bde-columns-210-131 bde-columns\"><div class=\"bde-column-210-132 bde-column\">\n  \n  \n\t\n\n\n\n<div class=\"bde-video-210-184 bde-video\">\n<div class=\"ee-video-container\">\n                                                                        \n                <lite-youtube\n                        videoid=\"s1Kf1DJXrHs\"\n                                                style=\"background-image: url(https:\/\/i.ytimg.com\/vi\/s1Kf1DJXrHs\/maxresdefault.jpg); \"\n                        class=\"ee-video\"\n                        title=\"\"\n                        params=\"&playsinline=0&rel=0&enablejsapi=1\"\n                >\n                <\/lite-youtube>\n                    \n        \n            \n    <\/div>\n\n<\/div>\n<\/div><div class=\"bde-column-210-136 bde-column\">\n  \n  \n\t\n\n\n\n<div class=\"bde-rich-text-210-137 bde-rich-text breakdance-rich-text-styles\">\n<p>OBO (Ojaj\u00e4rvi-Blom-Ojaj\u00e4rvi) yhdisteli suomalaisessa kansanmusiikissa harvinaisempia instrumentteja, pitk\u00e4huilut (tai yl\u00e4s\u00e4velhuilut), beatboxaus ja cittern Janne Ojaj\u00e4rven omalaatuisen vision viitekehyksess\u00e4. Trio ei t\u00e4ll\u00e4 hetkell\u00e4 ole toiminnassa j\u00e4sentens\u00e4 kiireiden vuoksi, mutta todisteena ty\u00f6skentelyst\u00e4 on albumi \"<em>OBO<\/em>\" ja mm. t\u00e4m\u00e4 videosampler, joka esittelee trion ohjelmistoa.<\/p>\n<p>OBO:<\/p>\n<p>Janne Ojaj\u00e4rvi - pitk\u00e4huilut<br \/>Venla Ilona Blom - beatboxaus<br \/>Joonas Ojaj\u00e4rvi - cittern<\/p>\n<\/div>\n<\/div><\/div><div class=\"bde-fancy-divider-210-138 bde-fancy-divider\">\n\n\n<div class=\"bde-fancy-divider__wrapper\">\n  <div class=\"bde-fancy-divider__separator   \">\n  \t  <\/div>\n<\/div>\n\n<\/div><\/div>\n<\/section>","protected":false},"excerpt":{"rendered":"<p>Joonas Ojaj\u00e4rvi Ty\u00f6n\u00e4ytteit\u00e4 Omia esityksi\u00e4 Frost &#8211; Mats Ed\u00e9n, \u00c4ng &#8211; Joonas Ojaj\u00e4rvi Polska efter Lars Orre &#8211; Trad. Ruotsi, Polska py\u00f6reelle puulle &#8211; Joonas Ojaj\u00e4rvi Dickapolskan &#8211; Trad. Ruotsi Fem f\u00e5r og fire geder &#8211; Trad. Bornholm, Tanska Videotallenteita maisterikonsertistani Helsingin Musiikkitalon Black Box -salista 2018. Konsertissa soitettiin pohjoismaista (Suomi, Ruotsi, Tanska, Norja) pelimannimusiikkia. [&hellip;]<\/p>\n","protected":false},"author":1,"featured_media":0,"parent":0,"menu_order":0,"comment_status":"closed","ping_status":"closed","template":"","meta":{"_breakdance_hide_in_design_set":false,"_breakdance_tags":"","footnotes":""},"class_list":["post-210","page","type-page","status-publish","hentry"],"_links":{"self":[{"href":"https:\/\/www.jojarvi.com\/index.php\/wp-json\/wp\/v2\/pages\/210","targetHints":{"allow":["GET"]}}],"collection":[{"href":"https:\/\/www.jojarvi.com\/index.php\/wp-json\/wp\/v2\/pages"}],"about":[{"href":"https:\/\/www.jojarvi.com\/index.php\/wp-json\/wp\/v2\/types\/page"}],"author":[{"embeddable":true,"href":"https:\/\/www.jojarvi.com\/index.php\/wp-json\/wp\/v2\/users\/1"}],"replies":[{"embeddable":true,"href":"https:\/\/www.jojarvi.com\/index.php\/wp-json\/wp\/v2\/comments?post=210"}],"version-history":[{"count":9,"href":"https:\/\/www.jojarvi.com\/index.php\/wp-json\/wp\/v2\/pages\/210\/revisions"}],"predecessor-version":[{"id":220,"href":"https:\/\/www.jojarvi.com\/index.php\/wp-json\/wp\/v2\/pages\/210\/revisions\/220"}],"wp:attachment":[{"href":"https:\/\/www.jojarvi.com\/index.php\/wp-json\/wp\/v2\/media?parent=210"}],"curies":[{"name":"wp","href":"https:\/\/api.w.org\/{rel}","templated":true}]}}